 m be 2/(-4) - (-65)/(-2). Let f = m - k. Calculate the remainder when f is divided by 7.
6
Suppose -2*u + 0*d = d + 6, 5*u = 2*d + 3. Let j(o) = -2*o - 14. Let l be j(-11). Let p = l - u. Calculate the remainder when 26 is divided by p.
8
Let l = 0 + 3. Suppose 4 = -l*u + 10. Suppose 0 = -0*f + u*f - 62. What is the remainder when f is divided by 17?
14
Suppose -25 - 5 = -r. Let p = r + -6. Let c = p + -11. What is the remainder when 24 is divided by c?
11
Suppose 0*y = 2*y - 28. Let f(v) = 4*v**3 - 4*v**3 - 6*v**3 + 2*v - v**2. Calculate the remainder when f(-2) is divided by y.
12
Let n(f) = -7*f - 22. What is the remainder when n(-9) is divided by 14?
13
Let k = 44 - 29. Let r be 3 - 3/((-3)/(-10)). Calculate the remainder when 198/7 - (-2)/r is divided by k.
13
Let v(d) = 8*d + 23. Let n(z) = -3*z - 8. Let f(g) = 11*n(g) + 4*v(g). What is the remainder when 19 is divided by f(-7)?
8
Let y(p) = 3 - 7*p**2 + 2*p**2 + p**3 + 5 + 0*p**3 - 6*p. Let x be (3 + 2)*(-6)/(-5). Calculate the remainder when y(x) is divided by 3.
2
Let d(h) = -h. Let g(l) be the first derivative of 5*l**2 + 2*l - 4. Let q(t) = -6*d(t) - g(t). Calculate the remainder when 23 is divided by q(-2).
5
Suppose -4*d + 21 = 5. Suppose 3*y - y + 10 = s, 0 = s - d*y - 10. Calculate the remainder when 28 is divided by s.
8
Let m(h) = -2*h + 13. Let u(y) = -2*y + 14. Let t(r) = -5*m(r) + 4*u(r). What is the remainder when 9 is divided by t(7)?
4
Suppose -5*p - 3*q = -4*p - 5, -4*p + 4*q = -20. Calculate the remainder when -2 + 1 + 0 + p is divided by (-6 - (-30)/4)*2.
1
Let v = 6 - -3. Suppose -p - 24 = -1. Let c = -7 - p. Calculate the remainder when c is divided by v.
7
Let l(g) = g**2 + 2*g + 2. Let w be 6/(-33) + (-53)/11. Calculate the remainder when 32 is divided by l(w).
15
Let k(f) = -25*f - 2. Let c be k(-2). Let h be 1 + -4*1/(-4). Suppose h*o - c = -o. What is the remainder when o is divided by 6?
4
Suppose -3*r = -9, 3*w - 4*r - 1 = -4. Suppose 0 = -7*i + 5*i + 6. Calculate the remainder when i is divided by w.
0
Suppose -4*b = -5*b. Suppose -2*w + b = -6. Let h = 64 - w. What is the remainder when h is divided by 16?
13
Suppose 0 = -5*q - 2*h + 9, 0*q - 3*h + 3 = -3*q. Calculate the remainder when 11/33*(4 + -1) is divided by q.
0
Let q = -10 - -25. What is the remainder when 42 is divided by q?
12
Let g = -2 + -1. Let r = 6 + g. What is the remainder when 4 is divided by r?
1
Let u = 53 + -77. What is the remainder when 20 is divided by 8/u - 44/(-6)?
6
Let v be (-1 + -2)*(-38)/6. Let g = v - -38. What is the remainder when g is divided by 20?
17
Let u = 1 - 1. Let c(v) = v**3 + v**2 + 10. What is the remainder when c(u) is divided by (-6)/(2 + -1)*-1?
4
Suppose 0*p + 81 = 3*p. Let f be (-36)/10*70/21. Calculate the remainder when (-2)/(f/158)*3 is divided by p.
25
Suppose 2 = 2*h, 3*s + 6*h - h - 20 = 0. Let u = 3 - s. Calculate the remainder when -1 - u - (1 + -14) is divided by 5.
4
Suppose 2*u - 4*u = -4. Suppose l - 1 = 1. Calculate the remainder when u + -2 - 1 - -4 is divided by l.
1
Calculate the remainder when 4*3/(-6) - -52 is divided by 13.
11
Suppose -2*t - 5*c = -37, -2*t = 3*t + c - 58. Let l(a) = 0*a - t*a - 2 + 2*a. What is the remainder when l(-6) is divided by 18?
16
Let b(i) = 2 - 6 + 5 + 3*i. Calculate the remainder when 7 is divided by b(1).
3
Let j = 289 + -160. What is the remainder when j is divided by 33?
30
Suppose -5*q + 35 = -5*r, 5*r + 25 = -0*q + 4*q. Calculate the remainder when 19 is divided by q.
9
Let l(n) = -n**3 - 8*n**2 + 5. Let f be l(-8). Suppose 2*v = -d + 4*d + 37, 0 = f*d - 5. Calculate the remainder when 39 is divided by v.
19
What is the remainder when 89 is divided by 7/((-35)/(-100)) - -3?
20
Suppose 19*o - 70 = 12*o. What is the remainder when 32 is divided by o?
2
Suppose -12*t = -10*t - 62. Let v = t - 20. What is the remainder when v is divided by 4?
3
Let y(l) = -4*l + 7. What is the remainder when 65 is divided by y(-4)?
19
What is the remainder when 30 is divided by (-16)/56 + (-79)/(-7)?
8
Let o = 77 - 11. Calculate the remainder when o is divided by 34.
32
Let o(i) = i**3 + 11*i**2 - 5*i - 15. Let z be o(-11). Suppose -3*v + 76 = v. Calculate the remainder when -2 + 0 + z - 1 is divided by v.
18
Suppose -4*f = -0*f - 168. Let b(u) = u**2 + 2*u + 3. What is the remainder when f is divided by b(-4)?
9
Let i(a) = 2*a**2 - 11*a + 5. Let y = -11 - -25. What is the remainder when i(7) is divided by y?
12
Let t(w) = w - 3. Let a be t(5). Suppose 8 = a*p - 4. Let j(c) = c. What is the remainder when p is divided by j(4)?
2
Let x(a) = 6*a**2 + 13*a + 6. Calculate the remainder when x(-5) is divided by 23.
22
Suppose -2*h - 51 = -5*h. Calculate the remainder when 49 is divided by h.
15
Let u(t) = -t**2 + 15*t - 31. Let a(f) = -6*f**3 + f**2 - f - 1. What is the remainder when a(-1) is divided by u(12)?
2
Suppose -3*h - h = -852. Let w = -116 + h. Calculate the remainder when w is divided by 25.
22
Let q be (-12)/(-15)*(4 - -1). Suppose 2*b = -q*b + 78. What is the remainder when b is divided by 7?
6
Let z = 8 + -5. Suppose -3*c + 128 = n - z*n, n = 3*c - 127. Suppose 0 = x + 1 - c. What is the remainder when x is divided by 14?
13
Suppose -8*n + 3*n = -5. Let q(h) = 12*h**3 - 2*h**2 + 2*h - 1. Calculate the remainder when 41 is divided by q(n).
8
Suppose 14*g - 20*g + 300 = 0. What is the remainder when g is divided by 26?
24
Suppose 0 = -3*t - 0*v + 2*v + 8, 0 = -5*t - 5*v + 55. Let b = 4 + t. Calculate the remainder when 18 is divided by b.
8
Let f be 1*-2 - 0/1. Let z = 12 - 4. Let m = z + f. What is the remainder when 11 is divided by m?
5
Suppose 0*i + 3 = 3*i. Calculate the remainder when 1/((i - 4)/(-183)) is divided by 21.
19
Let x = 1 - -30. Calculate the remainder when x is divided by 12.
7
Let t be 0 + -1 + (7 - 1). Suppose t*b = -85 - 200. Calculate the remainder when 11 is divided by (-1)/3 - b/9.
5
Let s = -6 + -2. Let a = 1 - s. What is the remainder when 35 is divided by a?
8
Let i be 2/(-3 - -1) + 0. Let b = 3 - i. What is the remainder when 7 is divided by b?
3
Let w = 0 + 14. Suppose 3*q = q + 270. Suppose 4*o = -5*l + q, 0 = 3*l - 3*o - 34 - 47. Calculate the remainder when l is divided by w.
13
Let g(u) = -u**2 - 3*u + 6. Let r be g(-5). Let m(d) = d + 3. Calculate the remainder when m(-2) is divided by (-3)/(1 + r) - 0.
0
Let a(h) = -49*h**3 - h**2 + h + 1. Calculate the remainder when a(-1) is divided by 7.
6
Suppose 4*n + 2*w - 52 = 0, -3*w - 72 = -5*n + n. Suppose z - 572 = -12*z. Calculate the remainder when z is divided by n.
14
Suppose 15 = 3*d - 3*o, 2*d = 5*o + 3 + 19. Let t = -5 + 6. What is the remainder when d is divided by t?
0
Suppose 15 = 7*p - 2*p. Let w = -4 + 9. Calculate the remainder when w is divided by p.
2
Let q be 2/((-6)/(-7))*-3. Let t = q + 14. Calculate the remainder when 25 is divided by t.
4
Suppose 0 = -3*y - 3 - 3. Let u be (2*20)/((-1)/y). Let b = 115 - u. Calculate the remainder when b is divided by 12.
11
Let c = 17 + -15. Calculate the remainder when 4 is divided by c.
0
Let v(f) = -f**3 - 8*f**2 - 6*f + 9. Let g(i) = 3*i + 2. Let s be g(-3). What is the remainder when 2 is divided by v(s)?
0
Let t be (18 + 3)*(-1)/(-1). Let n(m) = 5*m + 2. Let k be n(2). Calculate the remainder when (t/(-2))/(k/(-16)) is divided by 8.
6
Let x(f) = f**2 - f + 3. Suppose 127 = 3*p - i, 0 = 5*p + 5*i - 46 - 199. What is the remainder when p is divided by x(-3)?
14
Suppose -4*m - 86 - 38 = 0. Let j = -22 - m. What is the remainder when 43 is divided by j?
7
Suppose 0 = 14*x - 12*x - 84. What is the remainder when 80 is divided by x?
38
Let u = -21 - -25. What is the remainder when 17 is divided by u?
1
Suppose 5*w = n + 8, -2*n = -5*n + 3*w. Suppose 0*j - n*j = 5*p + 4, -j = p - 4. Calculate the remainder when 14 is divided by j.
6
Let j(m) = m**3 + 9*m**2 + 4*m - 5. What is the remainder when j(-7) is divided by 17?
14
Suppose 0*x - 67 = -x. Let l = 9 + 5. Calculate the remainder when x is divided by l.
11
Let g(z) = 27*z**3. Calculate the remainder when 107 is divided by g(1).
26
Suppose -3*x = 5*k - 30, -6*k - 4*x = -4*k - 12. Calculate the remainder when 11 is divided by k.
5
Suppose -4*z = -39 - 37. Calculate the remainder when 106 is divided by z.
11
Let i(l) = l + 11. Let z